- -18)) - 1?
3
32 - (15 + 4 - (15 + (-7 - -1)))
22
What is the value of (-7 - -4 - (10 - 17)) + -2?
2
Calculate 9 - (-10 + (-1 - -18) + (-11 - -6)).
7
-5 + -7 - (-14 + 6 - (0 + -2))
-6
What is the value of -8 + -17 + 11 + -1 + 10?
-5
What is the value of 13 + -6 - -36 - 59?
-16
-2 + (-16 + 11 - -15)
8
Evaluate 2 + 0 + -18 + 39 + -26.
-3
(422 - 424) + -2 + (-8 - -1)
-11
What is (176 + -176 - (-1 + 8)) + 10?
3
What is -922 + 928 - (3 + (-1 - 0 - 0))?
4
What is the value of -2 + -2 - (-37 - -24) - (-1 + -2)?
12
Calculate -2 - 8 - (-26 + (54 - 40)).
2
Calculate (-6 + 3 - -1) + -12.
-14
What is 9 + -18 - (3 + (-18 + 7 - -28))?
-29
What is 4 - ((-9 - 0 - -12) + -8)?
9
Calculate 7 + 11 + -10 + -27 + 1 + 2.
-16
Evaluate -21 - (23 + -3 - 51).
10
-7 + (8 - -7) + -13 + (1 - 2)
-6
Calculate (24 - 0) + (27 - 52) + 24.
23
What is the value of (1 - (0 + -1)) + -4931 + 4919?
-10
Evaluate -16 - (-6 - (7 + -6)).
-9
What is (1 - (-2 + -10) - (129 + -138)) + -1?
21
(25 - (-25 + 78)) + (3 + 6 - 2)
-21
-1 - (-20 - (-66 + 40))
-7
Calculate 13 + (-13 + 9 - 1).
8
What is 26 + 0 - (80 + -66)?
12
Calculate 92 + (19 - 110) - (26 + 0 + 0).
-25
What is 2 + 2 + (-52 - -42 - (-12 + 1))?
5
What is the value of (37 - 60) + 35 - -3?
15
What is -23 - (-52 + (-42 - -41))?
30
Calculate (82 - 94) + (1 - (-2 - 1)).
-8
What is 1012 - 986 - (-1 + 43)?
-16
Calculate -11 + 0 - (-46 - -40).
-5
Calculate 2 - 5 - 1 - (-21 + 3 - -2).
12
Evaluate -3 + 13 + -7 + (1 - (15 - -3)).
-14
Calculate 48 + (-37 - -21) + -17.
15
What is the value of -21 + 17 + 5 + -17?
-16
What is the value of -6 + 2 - (-25 - (-16 - 5))?
0
Evaluate -5 - 0 - (15 + (2 - -1) + -11).
-12
16 + -3 - (-61 + (14 - -38))
22
What is (-4 - -8) + -1 + (-1 - 6 - -10)?
6
0 - (18 + -31 - -10)
3
What is the value of (-42 - -19) + 26 - -13?
16
2 + (13 - 4) + -38 - -11
-16
What is the value of -24 - (-15 + 5 - 3)?
-11
What is -2 - ((7 - -6) + -14 + (-2 - -16))?
-15
What is (3 - -2 - 2) + (-11 - -6) + -11?
-13
(9 - 0) + 51 + -47
13
What is the value of (-7 - -12) + -1 - 20?
-16
Evaluate -29 - (2 + -13 - 6).
-12
What is the value of -4 - (9 - (-3 + 8))?
-8
What is 2 + -14 + (1 - 1) + (25 - 22)?
-9
What is 5 + -2 + 8 + 6?
17
Evaluate -7 + -2 - (-10 - (2 - 9)).
-6
(-347 - -331) + (1 - 0) + -2
-17
What is the value of 10 + (12 - 1 - 26)?
-5
(0 - -12) + -16 - (1 - -1) - 3
-9
Calculate (3 - 16) + 8 + 20.
15
(14 - (-4 + 36) - 14) + 8
-24
Calculate 31 + -6 + 23 + -36.
12
Calculate 6 + 1 + -1 + 0 + 1 - 5.
2
What is -1 + 2 + -2 + (16 - 25) + 7?
-3
What is -213 + 248 + (1 - 35)?
1
Evaluate 27 - (18 + (-23 - -21)).
11
Evaluate -183 - -203 - (-2 - 13).
35
What is the value of 12 + -11 - (-25 - -33)?
-7
Calculate -2 - 11 - (24 - 29).
-8
Calculate -7 + (9 + -1 + -1 - (-61 - -49)).
12
Evaluate -22 - (-1 + 0 + (3 - 4)).
-20
Evaluate (1 + -13 - (-5 - 14)) + 8 + -1.
14
-1 + 0 + 1 + (26 - (2 - -21))
3
Calculate -14 - (7 - (6 - -9)).
-6
-30 + 41 + -1 + -2 + -8
0
Evaluate -971 + 981 - (-2 - 3 - -1).
14
What is -8 - ((5 - 25) + -8) - 39?
-19
Calculate (-4 - 4) + (-4 - 8 - -1).
-19
What is the value of 8 - (-9 + (10 - -8)) - (0 - -1)?
-2
What is (1 - -6) + -250 + 260 + -38?
-21
0 - 7 - (306 + -334)
21
Evaluate (-2 - -2 - (0 - 0)) + (-12 - 1).
-13
(39 - 30) + -5 + -2
2
2 + 1 + (21 - -6) + -19
11
Calculate (46 - (40 - 8)) + -12 + 0 - -35.
37
(-12 - 12 - (-9 + 2)) + 0
-17
11 - (-5 + 2 + (-35 - -35))
14
What is 23 - 31 - (3 - (15 - 3))?
1
(3 - -10) + (-32 - -31)
12
(20 + 7 - 24) + 18
21
Evaluate -23 - (-10 + 21 + (-2 - -9 - 16)).
-25
What is the value of (-53 - -90) + (-23 - -3)?
17
What is 15 + -29 + 14 + 7 + 0?
7
(-2 - -4) + 63 + -60
5
What is 0 + -11 + 1 + -4?
-14
Evaluate 26 - (26 + 32 + -7).
-25
-13 + -3 - (-26 + 32 - 5)
-17
Calculate 25 - (17 - -17) - -16.
7
What is 7 - (-12 + (7 - (-7 + 11 + -1)))?
15
What is the value of -2 + -1 + -37 + 44 + 13?
17
What is the value of (151 - 149) + 1 + (-1 - 0) + -8?
-6
What is 0 + -45 + 649 + -569?
35
What is the value of -7 + (12 - (-4 + 41))?
-32
What is 5 + 9 - (17 + -7)?
4
Calculate 3 + 6 + (-26 - -11) - -25.
19
What is (7 - -7) + (-23 - -2)?
-7
-14 - (4 + (-13 - -2))
-7
90 + -106 - (-8 - 0)
-8
Evaluate -17 - (-13 - -8) - (-18 + -2).
8
Evaluate -9 + (8 - (14 - (4 - -2))) + -2.
-11
12 - (-17 + (25 - -15))
-11
What is (1 - 3) + -2 + (88 - (17 - -46))?
21
What is -43 + 33 + (5 + 5 - -33)?
33
(13 - (23 - -6)) + 36
20
Evaluate -11 - (-11 + (4 + -1 - (4 + -7))).
-6
Calculate -1 - (-5 + -1 + 8).
-3
Calculate 7 + -12 + (5 + -6 - 7).
-13
-228 + 204 - (0 - 22)
-2
Calculate (78 - 82) + 2 + 5.
3
What is the value of 6 + 7 + -11 + -1?
1
Evaluate (-9 - -2) + 48 + (-14 - 25).
2
-20 - (10 - 16 - 16)
2
What is the value of (2 - (-9 - -5)) + -6 + -13?
-13
What is the value of -11 + (5 - 3) + 4 + -1?
-6
What is 25 + -42 + 21 + -13?
-9
What is (4 + -8 - (-11 - (-16 + 7))) + -8?
-10
What is the value of 4 - (-5 - 37) - (36 - (49 + -20))?
39
Calculate (-175 - -131) + (0 - -5 - 2) + 8.
-33
What is (2 + 3 - -18) + -20?
3
Calculate -4 - 0 - (-44 + (0 - -9 - 1)).
32
What is 8 + -10 - -1 - (-12 + 11)?
0
Calculate (-1 - (-2 - -4)) + (19 - 19).
-3
What is -6 + -9 - (3 - (-7 + 9))?
-16
What is 15 - (31 + 18 + -7)?
-27
What is the value of (10 - 0) + (1509 - 1541)?
-22
Evaluate -4 + -2 + (51 - (-7 - -33)).
19
What is -14 - (37 - (-3 + 4 - -14))?
-36
What is the value of (-23 - -11 - -12) + 5?
5
Evaluate (-30 - -10) + 9 + (10 - -3).
2
Calculate 8 + (-33 - -34) + (4 - 3 - -20).
30
What is the value of ((2 - 13) + 0 - (-3 + -15)) + 27?
34
Calculate 0 + -6 + (-13 - (-22 + 5)) + -5.
-7
(6 - (11 - 5) - -5) + (5 - 12)
-2
What is (-11 - (-9 - -10) - -11) + 0 + 2?
1
What is the value of 18 - (-31 + 19) - 16?
14
-42 + 6 + 10 + 13
-13
What is -12 + 7 - (19 - 3 - 9 - 20)?
8
Evaluate -4 - (9 + (-5 - -7 - 12) + -1).
-2
What is the value of 660 + -641 + 0 + 1 + 2?
22
(-18 - -15) + 4 + (7 - (3 - 0))
5
What is the value of (-13 - -6) + 6 - (-18 - -2)?
15
What is the value of -14 + (7 + -3 - (0 + (4 - 2)))?
-12
Calculate -2 + 4 + 4 + (-2 - 3) - 10.
-9
7 + -1 - ((-11 - 13) + 14 - -8)
8
What is (-87 - -98) + (1 - 31)?
-19
Evaluate (17 - 21) + -2 + 27 + -10.
11
What is (-1 - 3) + (-127 - -140)?
9
Evaluate -12 + 12 - (16 - (5 - 2)).
-13
(-3395 - -3401) + (18 - 0)
24
(-13 - 7) + -11 - -5
-26
What is the value of -18 - (19 + -6 + -49)?
18
Evaluate (1 - 22) + 16 + 24.
19
What is (4 - (10 - 4)) + -6 + 4 - 0?
-4
Evaluate 3 - (0 + -10 + 4).
9
0 + 2 + (-16 - -8) + 2 - -3
-1
Evaluate -12 + 16 + (5 + -16 + 5 - -2).
0
Evaluate 19 + (-25 - (21 - (12 + -6))).
-21
Calculate 13 - (28 - 15) - 1.
-1
Calculate (5 - 1) + 48 + -53.
-1
What is the value of 5 + 2 - ((30 - 9) + -22) - 22?
-14
Evaluate (-41 + 20 - -34) + -3.
10
Evaluate 10 + (-6 - (6 - 1 - 5)) + -4.
0
Calculate -214 - -211 - (3 + 18).
-24
What is (1 - (2 - 4)) + -23 + 11 + -27?
-36
(13 - 14) + (33 - 0) + (6 - 11)
27
What is the value of -1 + 0 + 5 - (-76 - -85) - 3?
-8
What is the value of -36 + (-13 - (-23 - 19))?
-7
Evaluate (10 - (28 + (-19 - -8))) + 0 + -8.
-15
-4 - (0 + 3 - -1 - -5)
-13
(-1 - -2 - 6) + (13 - (11 + -8))
5
What is (0 - (1 - -4)) + (-32 + 84 - 47)?
0
What is -10 + (9 - -18) + -18?
-1
Evaluate (13 - -1) + -4 - (-3 - -10 - -3).
0
Calculate -21 + 1 + 13 + -24 + 20.
-11
What is 5 + 4 + -1 + 2 + -9 + 11?
12
What is the value of (79 - 71) + 2 + -21?
-11
-79 - -81 - (-6 + -7)
15
What is -3 - -13 - 7 - (4 - 1)?
0
Calculate (-36 - -24 - -12) + 14.
14
What is the value of (9 - 3) + -21 - (-5 - -10)?
-20
What is 0 + 4 - (23 + 0) - (-17 - -7)?
-9
What is (49 - 30) + -28 - -1?
-8
What is the value of (-11 - -37) + -15 + 3?
14
Calculate 57 + -59 + -2 + -2 + -1 + 11.
4
What is the value of -13 - -27 - -15 - 7?
22
((-8 - (-4 - 2)) + -8 - -36) + -5
21
What is -14 + 12 + -14 - (-6 + -3)?
-7
Evaluate -21 + (-15 - -36) + 17 + 2.
19
What is 4 + 17 + (-13 - -26)?
34
Calculate 4 - (11 - (20 + -16)) - (0 - -1).
-4
Calculate (-1146 - -1180) + (-3 - -1 - (3 + 2)).
27
What is (3 - -4) + -30 + 8 + 4?
-11
What is the value of 9 - (-24 - 0 - (-92 - -80))?
21
(23 - 17) + 6 - ((4 - -1) + -1)
8
Calculate (1 + -1 - (-6 + 1)) + 44 + -51.
-2
What is the value of (32 - 23) + -15 + (3 - 4)?
-7
Evaluate 1 - (-24 + 8 + -11 + 2 + 5).
21
What is the value of -15 - (-13 + (-2 - -6) - (-3 + 2))?
-7
What is the value of 17 + (-13 - (-2 + 17 + -7 